1*d + u = 43*d. What is the hundreds digit of d?
1
Suppose 5*h - 2*h - 109 = -4*b, 0 = 4*b - 5*h - 149. Let a = -12 - -15. Suppose -j + a*r = -r - b, -2*j + 73 = 3*r. What is the tens digit of j?
3
Let s be (-4)/(-6) - 6/9. Let r = -177 - -177. Suppose -b + 18 = 4*f - s*f, -5*b - 3*f + 22 = r. What is the units digit of b?
2
Let y = -8 + 13. Suppose 5*q - 95 = -3*w, 0*q + w + 95 = y*q. What is the tens digit of q?
1
Let l(a) be the second derivative of 5*a**4/4 + a**3/6 + 3*a - 29. Let v(k) = 3*k**3 - k**2 - k + 1. Let j be v(1). What is the tens digit of l(j)?
6
Let b(u) = -u + 8. Let h be b(6). Suppose 3*p + x - 168 = 0, p + 4*x = 43 + h. Let g = p - 41. What is the tens digit of g?
1
Let z be (-4)/6*(-181)/(-2)*3. Let a = -90 - z. What is the units digit of a?
1
Let b = 3183 + -2009. What is the hundreds digit of b?
1
Let c(j) = 19*j**2 - 26*j + 23. What is the units digit of c(17)?
2
Let t = 3267 - 150. What is the hundreds digit of t?
1
Let q(y) = -y - 4. Let r be q(-8). Suppose b + 1 = 2*b + o, -b - 19 = -r*o. What is the units digit of 8 - ((-9)/(-1))/b?
1
Let p = 25 + -21. Suppose 20 = 5*j, -35 = -4*v - p*j + 605. Suppose -5*a - 4*b + v = -5*b, a = -5*b + 26. What is the tens digit of a?
3
Suppose 0 = 18*d - 297 - 4311. What is the units digit of d?
6
Let j = 237 - 132. Suppose -q - 4*q = -j. Suppose q + 31 = 4*n. What is the tens digit of n?
1
Suppose 5*o - 17 - 23 = 0. Let i = o + -161. Let l = 214 + i. What is the tens digit of l?
6
Let b = 35 + -25. Suppose -56 = 2*q - b. Let k = -15 - q. What is the units digit of k?
8
What is the tens digit of ((-35)/(-10))/((-3)/(-1488))?
3
Let h(i) = i**2 - 3*i + 7. Let o be h(5). Let m = o - 8. Suppose -m*d + d = -16. What is the units digit of d?
2
Let o = 25 - 18. Let f(y) be the third derivative of y**4/24 + y**3/6 - 75*y**2 - 1. What is the units digit of f(o)?
8
Suppose -3*g = 4*g - 7. Let m(h) = 58*h + 1. What is the units digit of m(g)?
9
Suppose 4*j - 4*u - 52 = -0*u, 4*u + 40 = 3*j. What is the units digit of (4/(0 + 4))/3*j?
4
Let k(a) = 24*a - 5. What is the units digit of k(7)?
3
Suppose -69 = 5*s + k, 3*k = 7*k + 16. Let c = 1 + s. What is the units digit of 3 - c/((-8)/(-4))?
9
Let d(t) = -t**3 + 25*t**2 - 24*t + 21. Let p be d(24). Let m(x) = -x - 14. Let o be m(0). Let r = p + o. What is the units digit of r?
7
Let q be (9/(-3) - -1)*13. Let c(a) = a**2 - 14*a + 28. Let x be c(16). Let o = x + q. What is the tens digit of o?
3
Let r = -4695 - -7965. What is the tens digit of r?
7
Let o(g) = 293*g + 23. What is the hundreds digit of o(8)?
3
Let q(w) = -w - 1. Let k be q(-15). What is the units digit of (10 - k) + 1 + 73?
0
Let q be ((-4)/(-9))/2 + 4/(-18). Suppose -5*f + 30 + 5 = q. What is the units digit of f?
7
Let m(b) = -81*b**3 - 2*b**2 - 2*b - 1. Let a be m(-1). Let l be 5*(2/4)/1*2. Suppose l*g = g + a. What is the tens digit of g?
2
Suppose -8*t = -18*t + 14610. What is the thousands digit of t?
1
Let i = 97 + -158. Let f = 13 - i. What is the tens digit of f?
7
Let k(o) = o**2 + 6*o + 3. Let i be k(-6). Suppose -5*v = -r - 73, -i*r + 6*r - 3*v = -255. Let t = -60 - r. What is the units digit of t?
8
Let l = -282 - 50. Let o be l/8 - (-3)/(-6). Let k = o + 59. What is the units digit of k?
7
Let p = -3 + 3. Suppose 5*d - 83 - 18 = 2*a, d = 4*a + 13. Suppose p = 2*c - d - 45. What is the units digit of c?
3
Suppose 2*j = j + 2. What is the tens digit of (29/j)/((-1 - 0)/(-2))?
2
Suppose 3*p + j = 6*j + 913, 2*p - 617 = -5*j. What is the tens digit of p?
0
Suppose -5*w - 29*s = -26*s - 639, 9 = 3*s. What is the hundreds digit of w?
1
Let r be (-76)/(-57)*(-1 + 2)*3. Suppose -r*o + 178 = -26. What is the units digit of o?
1
Let g be 3*3/9*3. Suppose -12 = 3*f, 0 = 4*z + g*f - 1 - 19. Let r(o) = 3*o + 2. What is the tens digit of r(z)?
2
Suppose 69*t - 64 = 71*t. Let j = t - -38. What is the units digit of j?
6
Let r = -16 - -23. Let t = -12 + r. Let z(w) = 3*w**2 + 8*w. What is the tens digit of z(t)?
3
Suppose 0 = c - 1 - 2. Let d be (-166)/(-4) - (-6)/12. Let w = c + d. What is the tens digit of w?
4
Let z(i) = -i**3 - 5*i**2 + 5*i + 6. Let s be z(-4). Let k(y) = y**2 - 5*y - 2. Let b be k(-1). What is the tens digit of (s/b)/(3/(-18))?
4
Let f = -4021 - -7474. What is the hundreds digit of f?
4
What is the units digit of (8/10*-1)/(36/(-13680))?
4
What is the tens digit of 4386/9 - 5/(60/(-8))?
8
What is the units digit of 4/30 + 296952/360?
5
Suppose -1407 = -2*x + k - 496, -5*x - 4*k + 2297 = 0. What is the units digit of x?
7
Let y(u) = u**3 - 4*u**2 - 8*u + 5. Let r be y(5). Let p = r + 24. What is the units digit of 2/3*(p - 8)?
4
Suppose -3*j + 8*j = 4*z - 537, -411 = -3*z + j. What is the units digit of z?
8
Let z = -49 + 85. Suppose 5*v - 54 - z = -3*h, 0 = 3*v - 5*h - 54. What is the units digit of v?
8
Let p be ((-18)/27)/((-1)/24*-2). What is the units digit of (58/p)/((-17)/68)?
9
Suppose 0*b - n + 6 = 2*b, -4*b + 4*n + 12 = 0. Suppose -335 + 29 = -b*x. What is the tens digit of x?
0
Let d be (10/(-6))/((-16)/6 - -3). What is the units digit of 396/15 - 3/d?
7
Let r(i) = i**3 - 3*i**2 + 4*i + 8. What is the tens digit of r(3)?
2
Let r(q) = -13*q**3 - 4*q**2 + 5*q + 1. Let n be r(-4). Suppose -8*s - 189 = -n. What is the units digit of s?
0
Suppose 9*i = 11*i - 234. Suppose 0 = 5*b + i + 183. What is the units digit of b*((-24)/9 - -2)?
0
Suppose 3*k - 6 + 3 = 0. Let i(z) = 3*z**2 - z + 1. Let q be i(k). Suppose 2*m - 48 = 3*h - 0*h, -3*m + 75 = -q*h. What is the tens digit of m?
2
Suppose 0*b - 6*b = -18. What is the units digit of 131 + -1 + -5 + b?
8
Let n(s) = s**2 - s - 1. Let y be n(-2). Suppose u = y*u - 12. Suppose -u*q + 2 = -1. What is the units digit of q?
1
Let f(q) be the third derivative of q**6/120 + 3*q**5/20 + q**4/12 + 13*q**3/6 - 2*q**2. Let w be f(-9). What is the units digit of (w - (-4 - -1))*-6?
2
Let k(b) = -2*b**3 - 4*b**2 + 13*b. Let o be k(-6). Let f = 306 - o. What is the tens digit of f?
9
Suppose -2*t + t = -12. Suppose 4*q + 16 = 0, -2*q + t + 0 = -5*f. Let c(s) = -11*s - 9. What is the tens digit of c(f)?
3
Let k(c) be the third derivative of -7*c**4/8 - 43*c**3/6 + 23*c**2. What is the units digit of k(-6)?
3
Let o be 0 + (-12)/(-6) - -6. Let d(c) = -c**3 - 6*c**2 - 3*c - 2. Let i be d(-6). What is the units digit of (-440)/i*o/(-10)?
2
Let t be 8 + ((-6)/5)/((-12)/(-30)). Suppose -v = -2*n - 2*n - 39, -t*n = 0. What is the tens digit of v?
3
Suppose -5*m = -2*m + 492. Let y = -15 - m. What is the hundreds digit of y?
1
Let w(d) = -d**2 - 15*d - 5. Let x be w(-15). Let p(h) = -2*h**3 - 8*h**2 - 5*h + 7. What is the units digit of p(x)?
2
Suppose -s = -5*z + 12, -z = 2*s + z - 12. Suppose s = -3*i + 9. Suppose -y + 5 = -i. What is the units digit of y?
7
What is the tens digit of ((-1374)/(-6) - (2 - 3))*3?
9
Suppose b - 3*p - 426 = -b, -5*p - 206 = -b. What is the hundreds digit of b?
2
Suppose -13473 - 4251 = -21*s. What is the tens digit of s?
4
Suppose 2247 = -32*k + 28871. What is the units digit of k?
2
Let k = 6047 - 2419. What is the hundreds digit of k?
6
Suppose -32 = -j + 3*h, 6*h - 2*h = -20. Suppose 2*p = -2*p - 12. Let d = j - p. What is the units digit of d?
0
What is the units digit of 5 + 122 - 2/(2/5)?
2
Let g = 4385 + -2177. What is the units digit of g?
8
Suppose -q - 2*v = -7*v - 5, 5*v = -3*q + 55. Suppose a - q = -0. What is the tens digit of a?
1
Suppose 5*u - 362 = 93. Suppose 0 = d - 0*d - u. What is the tens digit of d?
9
Suppose z = 0, 4*z - 269 + 973 = 4*b. What is the tens digit of b?
7
Let r be 2/(0 + -4)*-10. Suppose -4*q + r*q + 273 = 5*y, -5*y = -5*q - 265. Suppose g + 0*g + 2*h - 55 = 0, 3*h - y = -g. What is the tens digit of g?
5
Let h = 186 - 22. What is the hundreds digit of h?
1
Suppose d - 288 = 1058. What is the units digit of d?
6
Let p(m) = m**2 + 22*m - 17. Let j be p(-25). What is the tens digit of ((-3)/(-9)*3)/(2/j)?
2
Suppose 0 = 8*u - 9*u + 1. Let c = 76 - u. What is the units digit of c?
5
Let b = -95 - -113. What is the hundreds digit of -5*b/(-60)*122?
1
Let x = -46 - -12. Let l = x + 85. Suppose k + 12 = l. What is the tens digit of k?
3
Let f(u) = -5*u - 1. Let m be f(-1). Suppose m*y - 129 = y. What is the units digit of y?
3
Let v = -461 - -1304. What is the units di